 + -28. What are the prime factors of (-47)/o + (-12)/8?
2, 11
Let h(o) = o**3 - 6*o**2 - 17*o + 10. Let c be h(8). Suppose c*w + 3*w = -15, 5*w - 150 = -5*z. What are the prime factors of z?
3, 11
Suppose -137 = -5*t + 148. Let x = -34 + t. What are the prime factors of x?
23
Let u(t) = -5*t + 19. Let x be u(4). List the prime factors of (85 + -4)/((-2 + 1)/x).
3
Suppose -3*l + 1321 = 4*y - 53, -l + 5*y + 458 = 0. List the prime factors of l.
2, 229
Let m be -4*((1 - -2) + 13). Let h = 27 - m. List the prime factors of h.
7, 13
Let a = 618 + -128. List the prime factors of a.
2, 5, 7
Suppose -6*f + 51 - 3 = 0. Suppose f*j = 1126 + 778. What are the prime factors of j?
2, 7, 17
Suppose 0 = -3*l - p - 10, p = 3*l - 0*l + 20. Let t(k) = 3*k**3 - 2*k**2 - 3*k + 2. Let d be t(2). Let w = l + d. List the prime factors of w.
7
Let f(x) = 15*x**3 + x**2 + 4*x - 1. Let p(s) = -14*s**3 - s**2 - 3*s + 1. Let n(m) = 4*f(m) + 5*p(m). Let h = -18 + 17. List the prime factors of n(h).
3
Let t(p) be the second derivative of -7*p**4/24 - 5*p**3/2 + 3*p**2 + 3*p. Let n(s) be the first derivative of t(s). List the prime factors of n(-5).
2, 5
Suppose 5568 = 16*p - 4160. List the prime factors of p.
2, 19
Let y(q) = -q**2 - 2*q + 2. Let z be y(0). Suppose -1022 = -4*l - 2*d, -z*d = 3*l - 3*d - 764. List the prime factors of l.
3, 5, 17
Let g(w) be the third derivative of -w**4/8 - w**3/6 - w**2. Let m be g(-4). Let n(s) = s**3 - 12*s**2 + 14*s - 4. List the prime factors of n(m).
29
List the prime factors of 17/((-1071)/(-18)) - 173/(-7).
5
Suppose -5*h - 37 + 132 = 0. Let v = 17 - h. Let k = 7 + v. What are the prime factors of k?
5
Let a(r) = 268*r + 370. List the prime factors of a(4).
2, 7, 103
Suppose -15 = -5*g + 15. Suppose g = f - 5*x - 9, -3*f - 5*x = 15. Let k(t) = -t**3 - t**2 - t + 24. List the prime factors of k(f).
2, 3
Let j(d) = -d**2 + 23*d - 14. Let f be (4 - 75/12)/(6/(-16)). List the prime factors of j(f).
2, 11
Let a be ((-8)/5)/((-6)/(-240)). Let p be (a/(-20))/((-2)/15). Let s = p - -45. What are the prime factors of s?
3, 7
Suppose 15*b = -12*b + 24597. List the prime factors of b.
911
Let q(w) = -3*w - 3. Let t be q(-3). Let d = 19 - t. What are the prime factors of d?
13
Let z = -283 + 1909. List the prime factors of z.
2, 3, 271
Let v = 26 - 23. Suppose -x = -4*d + 267, v*d - 155 = 2*x + 39. What are the prime factors of d?
2, 17
Suppose 4*v = 12, -4*u + 2*v + 0 = -2. List the prime factors of 2*(921/u)/3.
307
Let a(m) = -4*m**3 - 8*m**2 + m - 11. What are the prime factors of a(-7)?
2, 13, 37
Let a(t) = t**2 - 3*t + 3. Let u be 34/12 - 3/(-18). Let h be a(u). Suppose 2*k + 61 = 3*s, 4*s + h*k = 6*s - 34. List the prime factors of s.
23
Suppose 5*m + 13 = -12, 2*t - 3052 = -4*m. Suppose 4*i = -2*i + t. What are the prime factors of i?
2
Suppose 11*u = 16*u - 3*r - 157, 0 = u + 4*r - 13. Let x = 5 - 15. Let c = x + u. What are the prime factors of c?
19
Let u(t) = 2*t**2 - 5 - 812*t + 812*t. List the prime factors of u(8).
3, 41
Suppose 23 = 4*o + 7, 0 = -3*j + 3*o - 6. Suppose 4*p + 2*u = 966, -j*p + 391 = -u - 86. List the prime factors of (4/(-10))/((-4)/p).
2, 3
Let w(c) = 48*c + 193. Let m(n) = -16*n - 64. Let f(j) = -17*m(j) - 6*w(j). What are the prime factors of f(-18)?
2, 109
Suppose 0*s = -s + 6. Suppose -s = -2*h - 2. Suppose -50 = -2*d + 4*t, -75 = -3*d - 0*t + h*t. What are the prime factors of d?
5
Let m(v) = -73*v - 10. Let t be m(-9). Suppose -5*g = -25, 0*o - 3*g = 4*o - t. What are the prime factors of o?
2, 79
Let b(k) = -k**3 - 6*k**2 - 5*k - 1. Let h be b(-5). Let u(i) be the first derivative of 19*i**3/3 - i - 82. What are the prime factors of u(h)?
2, 3
Let v be (0 + 1)/(1 + 23/(-22)). Let a(u) = -5*u + 22. List the prime factors of a(v).
2, 3, 11
Suppose 0 = 5*z - 0*z. Let m(q) = -1 + 0*q + 6*q + 41 - 8*q + q. What are the prime factors of m(z)?
2, 5
Let a = 498 - 276. List the prime factors of 2 + (14 + -16)*a/(-4).
113
Let b(r) = -r**2 - 11*r - 22. Let k be b(-6). Suppose k*w = -0*w + 200. List the prime factors of w.
5
Suppose -5*b + 12 - 72 = 0. Suppose 47 = -5*f - u, 2*f - u = -6*u - 28. Let k = f - b. What are the prime factors of k?
3
Let g(t) = -2*t**3 - t**2 + 1. Let x be g(-1). Suppose -x*c = 3*c - 10. List the prime factors of (c/(-4))/((-4)/304).
2, 19
Suppose 0 = -0*q - 3*q. Suppose q*f - 2*f = -76. List the prime factors of f.
2, 19
Let u = -231 - -133. Let l = 186 + u. What are the prime factors of l?
2, 11
Let r be (-3 - -2) + (-12)/(-4)*1. Suppose -3*j + 5*b = -103, r*j = 3*b + 46 + 21. List the prime factors of j.
2, 13
Suppose 2*b = -2*o + 2272, 96*b + 5 = 97*b. List the prime factors of o.
3, 13, 29
Let j = -42 - -13. Let t = 12 - j. Suppose 0 = -3*c + t - 2. List the prime factors of c.
13
Let j = -113 + 113. Suppose j = -3*d + 9, 5*r + 2*d = -d + 399. What are the prime factors of r?
2, 3, 13
Let d = 324 + -63. List the prime factors of d.
3, 29
Let o = 41 - 46. Let z = 15 + o. List the prime factors of z.
2, 5
Suppose 5*x = -9 + 4. List the prime factors of ((-117)/(-12))/(x/(-4)).
3, 13
Let d(m) = m**2 + 16*m - 22. Let z be d(-18). Let s(k) = k**3 - 14*k**2 + 4*k + 32. What are the prime factors of s(z)?
2, 11
Let o(r) = -r - 22. Let t be o(-14). List the prime factors of 4167/72 - 1/t.
2, 29
Let p(q) = -q**3 - q**2 + 5*q - 7. Suppose -2*n = -4*l + 22, 2*n + 0*n = 2*l - 16. Let c be p(n). What are the prime factors of (-5)/2*c/(-5)?
2, 17
Suppose 2*p + 5*x - 259 = 0, 4*x = -3*p + x + 411. Suppose 3*o = -2*s + 81, -3*o + 5 = 4*s - p. What are the prime factors of 8/44 + 786/s?
2, 3
Let c(s) = -4*s - 17. Let f(a) = a**2 - a - 1. Let o be f(-2). Let n = o - 10. List the prime factors of c(n).
3
Let q(x) = -x**3 + 22*x**2 + 49*x + 20. List the prime factors of q(23).
2, 3, 103
Suppose 3*v + 217 = m - 97, 3*v + 3 = 0. List the prime factors of m.
311
Suppose v - 3*v + l = -1, -25 = -5*l. Suppose -v*g + 328 = -g. What are the prime factors of g?
2, 41
Suppose 2*y + 47 - 531 = 0. Let v = y - 136. List the prime factors of v.
2, 53
List the prime factors of (-1)/7 + 249322/119 + -15.
2, 5, 13
List the prime factors of (77 - 0)*(6 + (-4 - -1)).
3, 7, 11
Suppose 3*o - 39 = -5*z, 2*o + 13 = 3*o + 3*z. Let a be -1 - (2 + (-52)/2). Let l = a - o. List the prime factors of l.
2, 5
Suppose -4*d + 1 = -39. Suppose 11 = 3*y + 5*i, -2*i + 3*i = 2*y + d. Let f(j) = j**2 + 2*j. List the prime factors of f(y).
3
Let l(n) = 6*n**2 + 74*n + 60. What are the prime factors of l(-18)?
2, 3, 7
Let i(t) = 1 - t**3 + 4*t**2 + 2*t**3 + 7*t + 9 + 4*t**2. List the prime factors of i(-4).
2, 23
Let r be (0 + 0)/(5 - 7). List the prime factors of (r - -1)/((-12)/72)*-15.
2, 3, 5
Let a(s) be the second derivative of s**4/6 - 11*s**3/6 + 7*s**2/2 - 3*s. Suppose 0*d - 7*d + 49 = 0. List the prime factors of a(d).
2, 7
List the prime factors of -109*(-2 - 12/(2 - -4)).
2, 109
Suppose 3*v - 9 - 3 = 0. Let d be 2/v*-6 + 16. Let y = 37 - d. List the prime factors of y.
2, 3
Let x(d) = 84*d**2. Suppose 3*p + 0*b + 7 = -2*b, -10 = 4*p + 3*b. What are the prime factors of x(p)?
2, 3, 7
Suppose 0 = 3*s + 5*a - 2096 - 372, 5*s = 3*a + 4102. What are the prime factors of s?
821
Let c(o) = o**3 - 57*o**2 + 123*o + 47. List the prime factors of c(55).
2, 3, 127
Suppose 18 = -5*i + 38. Suppose -i*v + 5*v - 1 = 0, -3*j - 4*v + 136 = 0. What are the prime factors of j?
2, 11
Let t = -345 - -532. What are the prime factors of t?
11, 17
Suppose -2*w + 212 = -42. Suppose 8*d - 465 = w. List the prime factors of d.
2, 37
Suppose -80 = -5*s + 4*r, s - r = 16 - 0. Suppose f = 3*j - j + s, -8 = 4*j + 4*f. What are the prime factors of ((-2)/(-3))/(j/(-135))?
3, 5
Let v(q) = 4*q - 23. Let n be v(7). List the prime factors of ((-56)/(-24) - n)/(1/(-33)).
2, 11
Let j(h) be the first derivative of -13*h**2/2 + 62*h + 31. List the prime factors of j(-15).
257
Let u(y) = -2*y**2 + 45*y - 1. List the prime factors of u(21).
2, 31
Let c be (3 - 1 - -4)*(10 + 0). Suppose -54 = -0*g - 3*g. List the prime factors of c/g - (-1)/(-3).
3
Let z = 1280 - 544. List the prime factors of z.
2, 23
Let s(a) = 5*a**2 - 17*a + 26. What are the prime factors of s(13)?
2, 5, 13
Let d = -152 + 255. Suppose 2*q = -3*p + 206, 4*q + 31 = 4*p - 237. Suppose -3*m + p = 5*g